{"id":1289,"date":"2017-10-09T11:59:41","date_gmt":"2017-10-09T09:59:41","guid":{"rendered":"https:\/\/werkstatt-ac.de\/?page_id=1289"},"modified":"2025-11-06T20:43:55","modified_gmt":"2025-11-06T19:43:55","slug":"geschaeftsleitung-vorschlag-2","status":"publish","type":"page","link":"https:\/\/werkstatt-ac.de\/?page_id=1289","title":{"rendered":"Gesch\u00e4ftsleitung"},"content":{"rendered":"<button id=\"bb1\" type=\"button\" value=\"Play\" class=\"responsivevoice-button\" title=\"ResponsiveVoice Tap to Start\/Stop Speech\"><span>&#128266; Vorlesen<\/span><\/button>\n        <script>\n            bb1.onclick = function(){\n                if(responsiveVoice.isPlaying()){\n                    responsiveVoice.cancel();\n                }else{\n                    responsiveVoice.speak(\"Die Gesch\u00e4ftsleitung Seit 2007 f\u00fchrt Norbert Zimmermann die Gesch\u00e4fte unseres Unternehmens. Er wird dabei unterst\u00fctzt von den Verantwortlichen f\u00fcr die Abteilungen Finanzen, Personal, Produktion, Sozialer Dienst sowie Qualit\u00e4t & Infrastruktur. Der Aufsichtsrat Wir sind ein hundertprozentiges Tochterunternehmen der Lebenshilfe Aachen e.V. Seit Februar 2014 hat Prof. Dr.-Ing. Gerd Ascheid den Vorsitz im Aufsichtsrat. Mitglieder des Aufsichtsrats\u00a0\", \"Deutsch Female\");\n                }\n            };\n        <\/script>\n    <\/p>\n<h2>Die Gesch\u00e4ftsleitung<\/h2>\n<p>Seit 2007 f\u00fchrt Norbert Zimmermann die Gesch\u00e4fte unseres Unternehmens. Er wird dabei unterst\u00fctzt von den Verantwortlichen f\u00fcr die Abteilungen Finanzen, Personal, Produktion, Sozialer Dienst sowie Qualit\u00e4t &amp; Infrastruktur.<\/p>\n<h2>Der Aufsichtsrat<\/h2>\n<p>Wir sind ein hundertprozentiges Tochterunternehmen der Lebenshilfe Aachen e.V. Seit Februar 2014 hat Prof. Dr.-Ing. Gerd Ascheid den Vorsitz im Aufsichtsrat.<\/p>\n<p><a class=\"link--download\" href=\"https:\/\/werkstatt-ac.de\/wp-content\/uploads\/2025\/11\/Mitglieder-Aufsichtsrat-Stand-Oktober-2025.pdf\" target=\"_blank\" rel=\"noopener noreferrer\">Mitglieder des Aufsichtsrats\u00a0<\/a><br \/>\n\n","protected":false},"excerpt":{"rendered":"<p>Wer sind Ihre Ansprechpartner auf der Leitungsebene? Hier finden Sie Informationen zu Gesch\u00e4ftsleitung und Aufsichtsrat.<\/p>\n","protected":false},"author":1,"featured_media":3895,"parent":1285,"menu_order":37,"comment_status":"closed","ping_status":"closed","template":"","meta":{"_acf_changed":false,"footnotes":""},"class_list":["post-1289","page","type-page","status-publish","has-post-thumbnail","hentry"],"acf":[],"_links":{"self":[{"href":"https:\/\/werkstatt-ac.de\/index.php?rest_route=\/wp\/v2\/pages\/1289","targetHints":{"allow":["GET"]}}],"collection":[{"href":"https:\/\/werkstatt-ac.de\/index.php?rest_route=\/wp\/v2\/pages"}],"about":[{"href":"https:\/\/werkstatt-ac.de\/index.php?rest_route=\/wp\/v2\/types\/page"}],"author":[{"embeddable":true,"href":"https:\/\/werkstatt-ac.de\/index.php?rest_route=\/wp\/v2\/users\/1"}],"replies":[{"embeddable":true,"href":"https:\/\/werkstatt-ac.de\/index.php?rest_route=%2Fwp%2Fv2%2Fcomments&post=1289"}],"version-history":[{"count":20,"href":"https:\/\/werkstatt-ac.de\/index.php?rest_route=\/wp\/v2\/pages\/1289\/revisions"}],"predecessor-version":[{"id":4837,"href":"https:\/\/werkstatt-ac.de\/index.php?rest_route=\/wp\/v2\/pages\/1289\/revisions\/4837"}],"up":[{"embeddable":true,"href":"https:\/\/werkstatt-ac.de\/index.php?rest_route=\/wp\/v2\/pages\/1285"}],"wp:featuredmedia":[{"embeddable":true,"href":"https:\/\/werkstatt-ac.de\/index.php?rest_route=\/wp\/v2\/media\/3895"}],"wp:attachment":[{"href":"https:\/\/werkstatt-ac.de\/index.php?rest_route=%2Fwp%2Fv2%2Fmedia&parent=1289"}],"curies":[{"name":"wp","href":"https:\/\/api.w.org\/{rel}","templated":true}]}}