{"id":131,"date":"2016-01-11T17:59:42","date_gmt":"2016-01-11T16:59:42","guid":{"rendered":"https:\/\/werkstatt-ac.de\/?page_id=131"},"modified":"2024-08-07T17:17:11","modified_gmt":"2024-08-07T15:17:11","slug":"metallbearbeitung","status":"publish","type":"page","link":"https:\/\/werkstatt-ac.de\/?page_id=131","title":{"rendered":"Elektro- und mechanische Montage"},"content":{"rendered":"<button id=\"bb1\" type=\"button\" value=\"Play\" class=\"responsivevoice-button\" title=\"ResponsiveVoice Tap to Start\/Stop Speech\"><span>&#128266; Vorlesen<\/span><\/button>\n        <script>\n            bb1.onclick = function(){\n                if(responsiveVoice.isPlaying()){\n                    responsiveVoice.cancel();\n                }else{\n                    responsiveVoice.speak(\"Elektro- und mechanische Montage Wir \u00fcbernehmen die Montage von elektronischen und mechanischen Baugruppen unter einem Dach. Damit sparen Sie den Aufwand und die Kosten f\u00fcr die Koordination verschiedener Zulieferer. Unsere Leistungen Verdrahtungsarbeiten von Elektrokomponenten in Geh\u00e4usen, z.B. Wallboxen Kabelkonfektionierung L\u00f6tarbeiten Baugruppenmontage (mechanisch und elektrisch) Hydraulik- und Pneumatikschlauchkonfektionierung Bohr- Senk- und Gewindeschneiden Zusatzservices Auf Wunsch bieten wir Ihnen neben der Wareneingangskontrolle auch die umfassende Funktions- und Qualit\u00e4tspr\u00fcfung sowie Protokollierung der Baugruppen an. Bei Rahmenvertr\u00e4gen ist die Lagerhaltung f\u00fcr just-in-time Endmontage m\u00f6glich. Wir bieten Prototypenmontage von der Kleinserie bis zur Serienmontage.\", \"Deutsch Female\");\n                }\n            };\n        <\/script>\n    <\/p>\n<h1>Elektro- und mechanische Montage<\/h1>\n<p>Wir \u00fcbernehmen die Montage von elektronischen und mechanischen Baugruppen unter einem Dach. Damit sparen Sie den Aufwand und die Kosten f\u00fcr die Koordination verschiedener Zulieferer.<\/p>\n<p><strong>Unsere Leistungen<\/strong><\/p>\n<ul>\n<li>Verdrahtungsarbeiten von Elektrokomponenten in Geh\u00e4usen, z.B. Wallboxen<\/li>\n<li>Kabelkonfektionierung<\/li>\n<li>L\u00f6tarbeiten<\/li>\n<li>Baugruppenmontage (mechanisch und elektrisch)<\/li>\n<li>Hydraulik- und Pneumatikschlauchkonfektionierung<\/li>\n<li>Bohr- Senk- und Gewindeschneiden<\/li>\n<\/ul>\n<p><strong>Zusatzservices<\/strong><\/p>\n<p>Auf Wunsch bieten wir Ihnen neben der Wareneingangskontrolle auch die umfassende Funktions- und Qualit\u00e4tspr\u00fcfung sowie Protokollierung der Baugruppen an.<\/p>\n<p>Bei Rahmenvertr\u00e4gen ist die Lagerhaltung f\u00fcr just-in-time Endmontage m\u00f6glich.<\/p>\n<p>Wir bieten Prototypenmontage von der Kleinserie bis zur Serienmontage.<\/p>\n<p>&nbsp;<\/p>\n<p>\n","protected":false},"excerpt":{"rendered":"<p>Wir bieten alle g\u00e4ngigen M\u00f6glichkeiten der Kabelkonfektionierung an und erf\u00fcllen spezifische Anforderungen.<\/p>\n","protected":false},"author":1,"featured_media":4618,"parent":5,"menu_order":25,"comment_status":"closed","ping_status":"closed","template":"","meta":{"_acf_changed":false,"footnotes":""},"class_list":["post-131","page","type-page","status-publish","has-post-thumbnail","hentry"],"acf":[],"_links":{"self":[{"href":"https:\/\/werkstatt-ac.de\/index.php?rest_route=\/wp\/v2\/pages\/131","targetHints":{"allow":["GET"]}}],"collection":[{"href":"https:\/\/werkstatt-ac.de\/index.php?rest_route=\/wp\/v2\/pages"}],"about":[{"href":"https:\/\/werkstatt-ac.de\/index.php?rest_route=\/wp\/v2\/types\/page"}],"author":[{"embeddable":true,"href":"https:\/\/werkstatt-ac.de\/index.php?rest_route=\/wp\/v2\/users\/1"}],"replies":[{"embeddable":true,"href":"https:\/\/werkstatt-ac.de\/index.php?rest_route=%2Fwp%2Fv2%2Fcomments&post=131"}],"version-history":[{"count":36,"href":"https:\/\/werkstatt-ac.de\/index.php?rest_route=\/wp\/v2\/pages\/131\/revisions"}],"predecessor-version":[{"id":4675,"href":"https:\/\/werkstatt-ac.de\/index.php?rest_route=\/wp\/v2\/pages\/131\/revisions\/4675"}],"up":[{"embeddable":true,"href":"https:\/\/werkstatt-ac.de\/index.php?rest_route=\/wp\/v2\/pages\/5"}],"wp:featuredmedia":[{"embeddable":true,"href":"https:\/\/werkstatt-ac.de\/index.php?rest_route=\/wp\/v2\/media\/4618"}],"wp:attachment":[{"href":"https:\/\/werkstatt-ac.de\/index.php?rest_route=%2Fwp%2Fv2%2Fmedia&parent=131"}],"curies":[{"name":"wp","href":"https:\/\/api.w.org\/{rel}","templated":true}]}}