{"id":149,"date":"2016-01-11T18:01:14","date_gmt":"2016-01-11T17:01:14","guid":{"rendered":"https:\/\/werkstatt-ac.de\/?page_id=149"},"modified":"2023-11-02T14:31:51","modified_gmt":"2023-11-02T13:31:51","slug":"foerderangebote","status":"publish","type":"page","link":"https:\/\/werkstatt-ac.de\/?page_id=149","title":{"rendered":"Vorteil Inklusion"},"content":{"rendered":"<button id=\"bb1\" type=\"button\" value=\"Play\" class=\"responsivevoice-button\" title=\"ResponsiveVoice Tap to Start\/Stop Speech\"><span>&#128266; Vorlesen<\/span><\/button>\n        <script>\n            bb1.onclick = function(){\n                if(responsiveVoice.isPlaying()){\n                    responsiveVoice.cancel();\n                }else{\n                    responsiveVoice.speak(\"Nutzen Sie das Potenzial von Menschen mit Behinderung Ist der Fachkr\u00e4ftemangel ein Risiko auch f\u00fcr Ihr Unternehmen? Wenn Sie Ihre Fachkr\u00e4fte halten und sie zum Beispiel von einfachen T\u00e4tigkeiten entlasten wollen, dann bieten wir Ihnen gerne unsere Unterst\u00fctzung an. Wir entlasten Sie durch die Schaffung von Nischenarbeitspl\u00e4tzen Wir analysieren die Abl\u00e4ufe im Betrieb und b\u00fcndeln einfachere T\u00e4tigkeiten zu einem Arbeitsplatz, der von einem Geringqualifizierten besetzt werden kann. Ein Qualifizierungstrainer stellt dabei Einarbeitung und soziale Begleitung sicher. Mit unserem Tochterunternehmen LEWAC setzen wir dieses F\u00f6rderprogramm \u201eUnterst\u00fctzte Besch\u00e4ftigung\u201c um. Wir \u00fcbernehmen Routine-Arbeiten in Ihrem Werk Einzelne\u00a0Besch\u00e4ftigte oder Gruppen von 5 bis 30 Besch\u00e4ftigten f\u00fchren einfache Arbeiten bei Ihnen vor Ort aus. Unsere Besch\u00e4ftigten arbeiten dabei Hand in Hand mit Ihren Mitarbeitern \u2013 flexibel je nach Auftragslage. Gerne informieren wir Sie \u00fcber unsere positiven Erfahrungen mit diesen betriebsintegrierten Arbeitspl\u00e4tzen. Wir wickeln zuverl\u00e4ssig Ihren Auftrag ab Lagern Sie Aufgaben aus. Mit qualifiziertem Personal und einem modernen Maschinenpark \u00fcbernehmen wir die Produktion von einfachen Teilen oder standardisierten Dienstleistungen. Auf den Lohnanteil des Auftrags berechnen wir nur 7% Umsatzsteuer. Reduzieren Sie Ihre Abgabenlast bei der Ausgleichsabgabe Arbeitgeber mit mindestens 20 Besch\u00e4ftigten sind verpflichtet, wenigstens f\u00fcnf Prozent der Arbeitspl\u00e4tze mit schwerbehinderten Menschen zu besetzen. Wenn Sie uns einen Auftrag erteilen, k\u00f6nnen Sie 50 Prozent der im Auftrag enthaltenen Arbeitsleistung von der Ausgleichsabgabe absetzen. Die Mittel aus der Ausgleichsabgabe werden ausschlie\u00dflich f\u00fcr die berufliche Behindertenhilfe verwendet. Unter anderem werden damit auch Arbeitgeber gef\u00f6rdert, die schwerbehinderte Menschen besch\u00e4ftigten. Weitere Informationen erhalten Sie bei bei Monika Ackermann, Abteilungsleitung Vertrieb & Logistik.\", \"Deutsch Female\");\n                }\n            };\n        <\/script>\n    <\/p>\n<h1>Nutzen Sie das Potenzial von Menschen mit Behinderung<\/h1>\n<p>Ist der Fachkr\u00e4ftemangel ein Risiko auch f\u00fcr Ihr Unternehmen? Wenn Sie Ihre Fachkr\u00e4fte halten und sie zum Beispiel von einfachen T\u00e4tigkeiten entlasten wollen, dann bieten wir Ihnen gerne unsere Unterst\u00fctzung an.<\/p>\n<h2>Wir entlasten Sie durch die Schaffung von Nischenarbeitspl\u00e4tzen<\/h2>\n<p>Wir analysieren die Abl\u00e4ufe im Betrieb und b\u00fcndeln einfachere T\u00e4tigkeiten zu einem Arbeitsplatz, der von einem Geringqualifizierten besetzt werden kann. Ein Qualifizierungstrainer stellt dabei Einarbeitung und soziale Begleitung sicher. Mit unserem Tochterunternehmen LEWAC setzen wir dieses F\u00f6rderprogramm \u201eUnterst\u00fctzte Besch\u00e4ftigung\u201c um.<\/p>\n<h2>Wir \u00fcbernehmen Routine-Arbeiten in Ihrem Werk<\/h2>\n<p>Einzelne\u00a0Besch\u00e4ftigte oder Gruppen von 5 bis 30 Besch\u00e4ftigten f\u00fchren einfache Arbeiten bei Ihnen vor Ort aus. Unsere Besch\u00e4ftigten arbeiten dabei Hand in Hand mit Ihren Mitarbeitern \u2013 flexibel je nach Auftragslage. Gerne informieren wir Sie \u00fcber unsere positiven Erfahrungen mit diesen betriebsintegrierten Arbeitspl\u00e4tzen.<\/p>\n<h2>Wir wickeln zuverl\u00e4ssig Ihren Auftrag ab<\/h2>\n<p>Lagern Sie Aufgaben aus. Mit qualifiziertem Personal und einem modernen Maschinenpark \u00fcbernehmen wir die Produktion von einfachen Teilen oder standardisierten Dienstleistungen. Auf den Lohnanteil des Auftrags berechnen wir nur 7% Umsatzsteuer.<\/p>\n<h2>Reduzieren Sie Ihre Abgabenlast bei der Ausgleichsabgabe<\/h2>\n<p>Arbeitgeber mit mindestens 20 Besch\u00e4ftigten sind verpflichtet, wenigstens f\u00fcnf Prozent der Arbeitspl\u00e4tze mit schwerbehinderten Menschen zu besetzen. Wenn Sie uns einen Auftrag erteilen, k\u00f6nnen Sie 50 Prozent der im Auftrag enthaltenen Arbeitsleistung von der Ausgleichsabgabe absetzen. Die Mittel aus der Ausgleichsabgabe werden ausschlie\u00dflich f\u00fcr die berufliche Behindertenhilfe verwendet. Unter anderem werden damit auch Arbeitgeber gef\u00f6rdert, die schwerbehinderte Menschen besch\u00e4ftigten. Weitere Informationen erhalten Sie bei bei Monika Ackermann, Abteilungsleitung Vertrieb &amp; Logistik.<\/p>\n<p>\n","protected":false},"excerpt":{"rendered":"<p>Unsere Zusammenarbeit mit Unternehmen des allgemeinen Arbeitsmarktes ist f\u00fcr beide Seiten von Vorteil. Wir tun zum Beispiel etwas gegen den Fachkr\u00e4ftemangel.<\/p>\n","protected":false},"author":1,"featured_media":947,"parent":5,"menu_order":30,"comment_status":"closed","ping_status":"closed","template":"","meta":{"_acf_changed":false,"footnotes":""},"class_list":["post-149","page","type-page","status-publish","has-post-thumbnail","hentry"],"acf":[],"_links":{"self":[{"href":"https:\/\/werkstatt-ac.de\/index.php?rest_route=\/wp\/v2\/pages\/149","targetHints":{"allow":["GET"]}}],"collection":[{"href":"https:\/\/werkstatt-ac.de\/index.php?rest_route=\/wp\/v2\/pages"}],"about":[{"href":"https:\/\/werkstatt-ac.de\/index.php?rest_route=\/wp\/v2\/types\/page"}],"author":[{"embeddable":true,"href":"https:\/\/werkstatt-ac.de\/index.php?rest_route=\/wp\/v2\/users\/1"}],"replies":[{"embeddable":true,"href":"https:\/\/werkstatt-ac.de\/index.php?rest_route=%2Fwp%2Fv2%2Fcomments&post=149"}],"version-history":[{"count":27,"href":"https:\/\/werkstatt-ac.de\/index.php?rest_route=\/wp\/v2\/pages\/149\/revisions"}],"predecessor-version":[{"id":4439,"href":"https:\/\/werkstatt-ac.de\/index.php?rest_route=\/wp\/v2\/pages\/149\/revisions\/4439"}],"up":[{"embeddable":true,"href":"https:\/\/werkstatt-ac.de\/index.php?rest_route=\/wp\/v2\/pages\/5"}],"wp:featuredmedia":[{"embeddable":true,"href":"https:\/\/werkstatt-ac.de\/index.php?rest_route=\/wp\/v2\/media\/947"}],"wp:attachment":[{"href":"https:\/\/werkstatt-ac.de\/index.php?rest_route=%2Fwp%2Fv2%2Fmedia&parent=149"}],"curies":[{"name":"wp","href":"https:\/\/api.w.org\/{rel}","templated":true}]}}

<button id="bb1" type="button" value="Play" class="responsivevoice-button" title="ResponsiveVoice Tap to Start/Stop Speech"><span>&#128266; Vorlesen</span></button>
        <script>
            bb1.onclick = function(){
                if(responsiveVoice.isPlaying()){
                    responsiveVoice.cancel();
                }else{
                    responsiveVoice.speak("Nutzen Sie das Potenzial von Menschen mit Behinderung Ist der Fachkräftemangel ein Risiko auch für Ihr Unternehmen? Wenn Sie Ihre Fachkräfte halten und sie zum Beispiel von einfachen Tätigkeiten entlasten wollen, dann bieten wir Ihnen gerne unsere Unterstützung an. Wir entlasten Sie durch die Schaffung von Nischenarbeitsplätzen Wir analysieren die Abläufe im Betrieb und bündeln einfachere Tätigkeiten zu einem Arbeitsplatz, der von einem Geringqualifizierten besetzt werden kann. Ein Qualifizierungstrainer stellt dabei Einarbeitung und soziale Begleitung sicher. Mit unserem Tochterunternehmen LEWAC setzen wir dieses Förderprogramm „Unterstützte Beschäftigung“ um. Wir übernehmen Routine-Arbeiten in Ihrem Werk Einzelne Beschäftigte oder Gruppen von 5 bis 30 Beschäftigten führen einfache Arbeiten bei Ihnen vor Ort aus. Unsere Beschäftigten arbeiten dabei Hand in Hand mit Ihren Mitarbeitern – flexibel je nach Auftragslage. Gerne informieren wir Sie über unsere positiven Erfahrungen mit diesen betriebsintegrierten Arbeitsplätzen. Wir wickeln zuverlässig Ihren Auftrag ab Lagern Sie Aufgaben aus. Mit qualifiziertem Personal und einem modernen Maschinenpark übernehmen wir die Produktion von einfachen Teilen oder standardisierten Dienstleistungen. Auf den Lohnanteil des Auftrags berechnen wir nur 7% Umsatzsteuer. Reduzieren Sie Ihre Abgabenlast bei der Ausgleichsabgabe Arbeitgeber mit mindestens 20 Beschäftigten sind verpflichtet, wenigstens fünf Prozent der Arbeitsplätze mit schwerbehinderten Menschen zu besetzen. Wenn Sie uns einen Auftrag erteilen, können Sie 50 Prozent der im Auftrag enthaltenen Arbeitsleistung von der Ausgleichsabgabe absetzen. Die Mittel aus der Ausgleichsabgabe werden ausschließlich für die berufliche Behindertenhilfe verwendet. Unter anderem werden damit auch Arbeitgeber gefördert, die schwerbehinderte Menschen beschäftigten. Weitere Informationen erhalten Sie bei bei Monika Ackermann, Abteilungsleitung Vertrieb & Logistik.", "Deutsch Female");
                }
            };
        </script>
    </p>
<h1>Nutzen Sie das Potenzial von Menschen mit Behinderung</h1>
<p>Ist der Fachkräftemangel ein Risiko auch für Ihr Unternehmen? Wenn Sie Ihre Fachkräfte halten und sie zum Beispiel von einfachen Tätigkeiten entlasten wollen, dann bieten wir Ihnen gerne unsere Unterstützung an.</p>
<h2>Wir entlasten Sie durch die Schaffung von Nischenarbeitsplätzen</h2>
<p>Wir analysieren die Abläufe im Betrieb und bündeln einfachere Tätigkeiten zu einem Arbeitsplatz, der von einem Geringqualifizierten besetzt werden kann. Ein Qualifizierungstrainer stellt dabei Einarbeitung und soziale Begleitung sicher. Mit unserem Tochterunternehmen LEWAC setzen wir dieses Förderprogramm „Unterstützte Beschäftigung“ um.</p>
<h2>Wir übernehmen Routine-Arbeiten in Ihrem Werk</h2>
<p>Einzelne Beschäftigte oder Gruppen von 5 bis 30 Beschäftigten führen einfache Arbeiten bei Ihnen vor Ort aus. Unsere Beschäftigten arbeiten dabei Hand in Hand mit Ihren Mitarbeitern – flexibel je nach Auftragslage. Gerne informieren wir Sie über unsere positiven Erfahrungen mit diesen betriebsintegrierten Arbeitsplätzen.</p>
<h2>Wir wickeln zuverlässig Ihren Auftrag ab</h2>
<p>Lagern Sie Aufgaben aus. Mit qualifiziertem Personal und einem modernen Maschinenpark übernehmen wir die Produktion von einfachen Teilen oder standardisierten Dienstleistungen. Auf den Lohnanteil des Auftrags berechnen wir nur 7% Umsatzsteuer.</p>
<h2>Reduzieren Sie Ihre Abgabenlast bei der Ausgleichsabgabe</h2>
<p>Arbeitgeber mit mindestens 20 Beschäftigten sind verpflichtet, wenigstens fünf Prozent der Arbeitsplätze mit schwerbehinderten Menschen zu besetzen. Wenn Sie uns einen Auftrag erteilen, können Sie 50 Prozent der im Auftrag enthaltenen Arbeitsleistung von der Ausgleichsabgabe absetzen. Die Mittel aus der Ausgleichsabgabe werden ausschließlich für die berufliche Behindertenhilfe verwendet. Unter anderem werden damit auch Arbeitgeber gefördert, die schwerbehinderte Menschen beschäftigten. Weitere Informationen erhalten Sie bei bei Monika Ackermann, Abteilungsleitung Vertrieb &amp; Logistik.</p>
<p>

<p>Unsere Zusammenarbeit mit Unternehmen des allgemeinen Arbeitsmarktes ist für beide Seiten von Vorteil. Wir tun zum Beispiel etwas gegen den Fachkräftemangel.</p>
