{"id":153,"date":"2016-01-11T18:01:59","date_gmt":"2016-01-11T17:01:59","guid":{"rendered":"https:\/\/werkstatt-ac.de\/?page_id=153"},"modified":"2023-10-16T17:39:58","modified_gmt":"2023-10-16T15:39:58","slug":"sozialer-dienst","status":"publish","type":"page","link":"https:\/\/werkstatt-ac.de\/?page_id=153","title":{"rendered":"Aufnahme"},"content":{"rendered":"<button id=\"bb1\" type=\"button\" value=\"Play\" class=\"responsivevoice-button\" title=\"ResponsiveVoice Tap to Start\/Stop Speech\"><span>&#128266; Vorlesen<\/span><\/button>\n        <script>\n            bb1.onclick = function(){\n                if(responsiveVoice.isPlaying()){\n                    responsiveVoice.cancel();\n                }else{\n                    responsiveVoice.speak(\"Die erste Zeit in der Werkstatt W\u00e4hrend der Schulzeit kann man bei uns ein Praktikum machen. Nach der Schule k\u00f6nnen Menschen mit Behinderung in der Werkstatt arbeiten. Sie k\u00f6nnen nicht oder noch nicht auf dem 1. Arbeits-Markt arbeiten. In der Werkstatt bekommen sie Unterst\u00fctzung. Wer in eine Werkstatt geht, kommt zuerst ins Eingangs-Verfahren. Das hei\u00dft: Man lernt die Werkstatt kennen. Das dauert oft drei Monate. Das passiert in dieser Zeit: Man lernt den Tages-Ablauf kennen. Man findet Freunde. Man merkt, welche Arbeit einem Spa\u00df macht. Am Ende vom Eingangs-Verfahren wird ein Plan gemacht. Da steht drin: Was man arbeiten m\u00f6chte, welche Unterst\u00fctzung man braucht. Danach kommt der Berufs-Bildungs-Bereich. Der nennt sich kurz: BBB. Er dauert oft 2 Jahre. Der BBB hilft Menschen mit Behinderung,\u00a0sich auf das Arbeits-Leben vorzubereiten. Sie lernen verschiedene Arbeits-Pl\u00e4tze kennen. Und sie haben Unterricht in der Gruppe. Im BBB kann man auch Arbeits-Pl\u00e4tze vom 1. Arbeits-Markt kennenlernen. Zum Beispiel: in der B\u00e4ckerei oder im Kindergarten. Nach 2 Jahren kommt man in den Arbeits-Bereich der Werkstatt. Zum Beispiel: in die Gastronomie, in die G\u00e4rtnerei, in die Verpackung. Man kann auch auf dem 1. Arbeits-Markt arbeiten. Die Werkstatt unterst\u00fctzt einen. So ein Arbeits-Platz hei\u00dft: ausgelagerter Arbeits-Platz oder\u00a0Au\u00dfen-Arbeitsplatz. Quelle: lebenshilfe.de Weitere Informationen Im Berufs-Bildungs-Bereich haben wir das digitale Lernen eingef\u00fchrt \u2013 mit Tablets, LernApps und Erkl\u00e4r-Videos. In diesem Video stellen wir unser \\\"Projekt BBB 2.0\\\" vor: Link auf Youtube Die einzelnen Schritte in die Werkstatt k\u00f6nnen Sie noch einmal nachlesen. Darin steht auch, wie hoch das Arbeits-Entgelt in unserer Werkstatt ist: Der Weg in die Werkstatt\", \"Deutsch Female\");\n                }\n            };\n        <\/script>\n    <\/p>\n<h1>Die erste Zeit in der Werkstatt<\/h1>\n<p>W\u00e4hrend der Schulzeit kann man bei uns ein Praktikum machen. Nach der Schule k\u00f6nnen Menschen mit Behinderung in der Werkstatt arbeiten. Sie k\u00f6nnen nicht oder noch nicht auf dem 1. Arbeits-Markt arbeiten. In der Werkstatt bekommen sie Unterst\u00fctzung.<\/p>\n<p>Wer in eine Werkstatt geht, kommt zuerst ins <strong>Eingangs-Verfahren.<\/strong> Das hei\u00dft: Man lernt die Werkstatt kennen. Das dauert oft drei Monate. Das passiert in dieser Zeit:<\/p>\n<p><img loading=\"lazy\" decoding=\"async\" class=\"pr20 alignleft wp-image-598 size-thumbnail\" src=\"https:\/\/werkstatt-ac.de\/wp-content\/uploads\/2016\/01\/Eingangsverfahren-150x150.jpg\" alt=\"Eingangsverfahren\" width=\"150\" height=\"150\" \/>Man lernt den Tages-Ablauf kennen.<br \/>\nMan findet Freunde.<br \/>\nMan merkt, welche Arbeit einem Spa\u00df macht.<br \/>\nAm Ende vom Eingangs-Verfahren wird ein Plan gemacht. Da steht drin:<\/p>\n<ul>\n<li>Was man arbeiten m\u00f6chte,<\/li>\n<li>welche Unterst\u00fctzung man braucht.<\/li>\n<\/ul>\n<p><a href=\"https:\/\/werkstatt-ac.de\/wp-content\/uploads\/2016\/01\/Berufsbildungsbereich.jpg\"><img loading=\"lazy\" decoding=\"async\" class=\"pr20 alignleft wp-image-597 size-thumbnail\" src=\"https:\/\/werkstatt-ac.de\/wp-content\/uploads\/2016\/01\/Berufsbildungsbereich-150x150.jpg\" alt=\"Berufsbildungsbereich\" width=\"150\" height=\"150\" \/><\/a>Danach kommt der <strong>Berufs-Bildungs-Bereich.<\/strong> Der nennt sich kurz: BBB. Er dauert oft 2 Jahre. Der BBB hilft Menschen mit Behinderung,\u00a0sich auf das Arbeits-Leben vorzubereiten. Sie lernen verschiedene Arbeits-Pl\u00e4tze kennen. Und sie haben Unterricht in der Gruppe. Im BBB kann man auch Arbeits-Pl\u00e4tze vom 1. Arbeits-Markt kennenlernen. Zum Beispiel:<\/p>\n<ul>\n<li>in der B\u00e4ckerei oder<\/li>\n<li>im Kindergarten.<\/li>\n<\/ul>\n<p><a href=\"https:\/\/werkstatt-ac.de\/wp-content\/uploads\/2016\/01\/Arbeitsbereich.jpg\"><img loading=\"lazy\" decoding=\"async\" class=\"pr20 alignleft wp-image-596 size-thumbnail\" src=\"https:\/\/werkstatt-ac.de\/wp-content\/uploads\/2016\/01\/Arbeitsbereich-150x150.jpg\" alt=\"Arbeitsbereich\" width=\"150\" height=\"150\" \/><\/a>Nach 2 Jahren kommt man in den Arbeits-Bereich der Werkstatt.<br \/>\nZum Beispiel:<\/p>\n<ul>\n<li>in die Gastronomie,<\/li>\n<li>in die G\u00e4rtnerei,<\/li>\n<li>in die Verpackung.<\/li>\n<\/ul>\n<p>Man kann auch auf dem 1. Arbeits-Markt arbeiten. Die Werkstatt unterst\u00fctzt einen. So ein Arbeits-Platz hei\u00dft: ausgelagerter Arbeits-Platz oder\u00a0Au\u00dfen-Arbeitsplatz.<\/p>\n<p><em>Quelle: <a href=\"https:\/\/www.lebenshilfe.de\/de\/leichte-sprache\/arbeit\/Werkstatt\/Arbeiten-in-der-Werkstatt.php?listLink=1\" target=\"_blank\" rel=\"noopener noreferrer\">lebenshilfe.de<\/a><\/em><\/p>\n<h2><strong>Weitere Informationen<\/strong><\/h2>\n<p><a href=\"https:\/\/werkstatt-ac.de\/wp-content\/uploads\/2022\/04\/Youtube-BBB-2.0.png\"><img loading=\"lazy\" decoding=\"async\" class=\"alignnone size-full wp-image-4077\" src=\"https:\/\/werkstatt-ac.de\/wp-content\/uploads\/2022\/04\/Youtube-BBB-2.0.png\" alt=\"\" width=\"300\" height=\"167\" srcset=\"https:\/\/werkstatt-ac.de\/wp-content\/uploads\/2022\/04\/Youtube-BBB-2.0.png 300w, https:\/\/werkstatt-ac.de\/wp-content\/uploads\/2022\/04\/Youtube-BBB-2.0-168x94.png 168w\" sizes=\"auto, (max-width: 300px) 100vw, 300px\" \/><\/a><br \/>\nIm <strong>Berufs-Bildungs-Bereich <\/strong>haben wir das digitale Lernen eingef\u00fchrt \u2013 mit Tablets, LernApps und Erkl\u00e4r-Videos. In diesem Video stellen wir unser &#8222;Projekt BBB 2.0&#8220; vor: <a href=\"https:\/\/www.youtube.com\/watch?v=uUZvYWf8088\" target=\"_blank\" rel=\"noopener\">Link auf Youtube<\/a><\/p>\n<p>Die einzelnen <strong>Schritte in die Werkstatt<\/strong> k\u00f6nnen Sie noch einmal nachlesen. Darin steht auch, wie hoch das Arbeits-Entgelt in unserer Werkstatt ist: <a href=\"https:\/\/werkstatt-ac.de\/wp-content\/uploads\/2021\/11\/Der-Weg-in-die-Werkstatt_V2021.pdf\" target=\"_blank\" rel=\"noopener\">Der Weg in die Werkstatt<\/a><\/p>\n<p>\n","protected":false},"excerpt":{"rendered":"<p>Bei einem Praktikum kann man die Werkstatt kennen lernen. Wie geht es dann weiter? Hier erkl\u00e4ren wir, wie die Aufnahme in die Werkstatt in der Regel abl\u00e4uft.<\/p>\n","protected":false},"author":1,"featured_media":748,"parent":2,"menu_order":9,"comment_status":"closed","ping_status":"closed","template":"","meta":{"_acf_changed":false,"footnotes":""},"class_list":["post-153","page","type-page","status-publish","has-post-thumbnail","hentry"],"acf":[],"_links":{"self":[{"href":"https:\/\/werkstatt-ac.de\/index.php?rest_route=\/wp\/v2\/pages\/153","targetHints":{"allow":["GET"]}}],"collection":[{"href":"https:\/\/werkstatt-ac.de\/index.php?rest_route=\/wp\/v2\/pages"}],"about":[{"href":"https:\/\/werkstatt-ac.de\/index.php?rest_route=\/wp\/v2\/types\/page"}],"author":[{"embeddable":true,"href":"https:\/\/werkstatt-ac.de\/index.php?rest_route=\/wp\/v2\/users\/1"}],"replies":[{"embeddable":true,"href":"https:\/\/werkstatt-ac.de\/index.php?rest_route=%2Fwp%2Fv2%2Fcomments&post=153"}],"version-history":[{"count":40,"href":"https:\/\/werkstatt-ac.de\/index.php?rest_route=\/wp\/v2\/pages\/153\/revisions"}],"predecessor-version":[{"id":4419,"href":"https:\/\/werkstatt-ac.de\/index.php?rest_route=\/wp\/v2\/pages\/153\/revisions\/4419"}],"up":[{"embeddable":true,"href":"https:\/\/werkstatt-ac.de\/index.php?rest_route=\/wp\/v2\/pages\/2"}],"wp:featuredmedia":[{"embeddable":true,"href":"https:\/\/werkstatt-ac.de\/index.php?rest_route=\/wp\/v2\/media\/748"}],"wp:attachment":[{"href":"https:\/\/werkstatt-ac.de\/index.php?rest_route=%2Fwp%2Fv2%2Fmedia&parent=153"}],"curies":[{"name":"wp","href":"https:\/\/api.w.org\/{rel}","templated":true}]}}

<button id="bb1" type="button" value="Play" class="responsivevoice-button" title="ResponsiveVoice Tap to Start/Stop Speech"><span>&#128266; Vorlesen</span></button>
        <script>
            bb1.onclick = function(){
                if(responsiveVoice.isPlaying()){
                    responsiveVoice.cancel();
                }else{
                    responsiveVoice.speak("Die erste Zeit in der Werkstatt Während der Schulzeit kann man bei uns ein Praktikum machen. Nach der Schule können Menschen mit Behinderung in der Werkstatt arbeiten. Sie können nicht oder noch nicht auf dem 1. Arbeits-Markt arbeiten. In der Werkstatt bekommen sie Unterstützung. Wer in eine Werkstatt geht, kommt zuerst ins Eingangs-Verfahren. Das heißt: Man lernt die Werkstatt kennen. Das dauert oft drei Monate. Das passiert in dieser Zeit: Man lernt den Tages-Ablauf kennen. Man findet Freunde. Man merkt, welche Arbeit einem Spaß macht. Am Ende vom Eingangs-Verfahren wird ein Plan gemacht. Da steht drin: Was man arbeiten möchte, welche Unterstützung man braucht. Danach kommt der Berufs-Bildungs-Bereich. Der nennt sich kurz: BBB. Er dauert oft 2 Jahre. Der BBB hilft Menschen mit Behinderung, sich auf das Arbeits-Leben vorzubereiten. Sie lernen verschiedene Arbeits-Plätze kennen. Und sie haben Unterricht in der Gruppe. Im BBB kann man auch Arbeits-Plätze vom 1. Arbeits-Markt kennenlernen. Zum Beispiel: in der Bäckerei oder im Kindergarten. Nach 2 Jahren kommt man in den Arbeits-Bereich der Werkstatt. Zum Beispiel: in die Gastronomie, in die Gärtnerei, in die Verpackung. Man kann auch auf dem 1. Arbeits-Markt arbeiten. Die Werkstatt unterstützt einen. So ein Arbeits-Platz heißt: ausgelagerter Arbeits-Platz oder Außen-Arbeitsplatz. Quelle: lebenshilfe.de Weitere Informationen Im Berufs-Bildungs-Bereich haben wir das digitale Lernen eingeführt – mit Tablets, LernApps und Erklär-Videos. In diesem Video stellen wir unser \"Projekt BBB 2.0\" vor: Link auf Youtube Die einzelnen Schritte in die Werkstatt können Sie noch einmal nachlesen. Darin steht auch, wie hoch das Arbeits-Entgelt in unserer Werkstatt ist: Der Weg in die Werkstatt", "Deutsch Female");
                }
            };
        </script>
    </p>
<h1>Die erste Zeit in der Werkstatt</h1>
<p>Während der Schulzeit kann man bei uns ein Praktikum machen. Nach der Schule können Menschen mit Behinderung in der Werkstatt arbeiten. Sie können nicht oder noch nicht auf dem 1. Arbeits-Markt arbeiten. In der Werkstatt bekommen sie Unterstützung.</p>
<p>Wer in eine Werkstatt geht, kommt zuerst ins <strong>Eingangs-Verfahren.</strong> Das heißt: Man lernt die Werkstatt kennen. Das dauert oft drei Monate. Das passiert in dieser Zeit:</p>
<p><img loading="lazy" decoding="async" class="pr20 alignleft wp-image-598 size-thumbnail" src="https://werkstatt-ac.de/wp-content/uploads/2016/01/Eingangsverfahren-150x150.jpg" alt="Eingangsverfahren" width="150" height="150" />Man lernt den Tages-Ablauf kennen.<br />
Man findet Freunde.<br />
Man merkt, welche Arbeit einem Spaß macht.<br />
Am Ende vom Eingangs-Verfahren wird ein Plan gemacht. Da steht drin:</p>
<ul>
<li>Was man arbeiten möchte,</li>
<li>welche Unterstützung man braucht.</li>
</ul>
<p><a href="https://werkstatt-ac.de/wp-content/uploads/2016/01/Berufsbildungsbereich.jpg"><img loading="lazy" decoding="async" class="pr20 alignleft wp-image-597 size-thumbnail" src="https://werkstatt-ac.de/wp-content/uploads/2016/01/Berufsbildungsbereich-150x150.jpg" alt="Berufsbildungsbereich" width="150" height="150" /></a>Danach kommt der <strong>Berufs-Bildungs-Bereich.</strong> Der nennt sich kurz: BBB. Er dauert oft 2 Jahre. Der BBB hilft Menschen mit Behinderung, sich auf das Arbeits-Leben vorzubereiten. Sie lernen verschiedene Arbeits-Plätze kennen. Und sie haben Unterricht in der Gruppe. Im BBB kann man auch Arbeits-Plätze vom 1. Arbeits-Markt kennenlernen. Zum Beispiel:</p>
<ul>
<li>in der Bäckerei oder</li>
<li>im Kindergarten.</li>
</ul>
<p><a href="https://werkstatt-ac.de/wp-content/uploads/2016/01/Arbeitsbereich.jpg"><img loading="lazy" decoding="async" class="pr20 alignleft wp-image-596 size-thumbnail" src="https://werkstatt-ac.de/wp-content/uploads/2016/01/Arbeitsbereich-150x150.jpg" alt="Arbeitsbereich" width="150" height="150" /></a>Nach 2 Jahren kommt man in den Arbeits-Bereich der Werkstatt.<br />
Zum Beispiel:</p>
<ul>
<li>in die Gastronomie,</li>
<li>in die Gärtnerei,</li>
<li>in die Verpackung.</li>
</ul>
<p>Man kann auch auf dem 1. Arbeits-Markt arbeiten. Die Werkstatt unterstützt einen. So ein Arbeits-Platz heißt: ausgelagerter Arbeits-Platz oder Außen-Arbeitsplatz.</p>
<p><em>Quelle: <a href="https://www.lebenshilfe.de/de/leichte-sprache/arbeit/Werkstatt/Arbeiten-in-der-Werkstatt.php?listLink=1" target="_blank" rel="noopener noreferrer">lebenshilfe.de</a></em></p>
<h2><strong>Weitere Informationen</strong></h2>
<p><a href="https://werkstatt-ac.de/wp-content/uploads/2022/04/Youtube-BBB-2.0.png"><img loading="lazy" decoding="async" class="alignnone size-full wp-image-4077" src="https://werkstatt-ac.de/wp-content/uploads/2022/04/Youtube-BBB-2.0.png" alt="" width="300" height="167" srcset="https://werkstatt-ac.de/wp-content/uploads/2022/04/Youtube-BBB-2.0.png 300w, https://werkstatt-ac.de/wp-content/uploads/2022/04/Youtube-BBB-2.0-168x94.png 168w" sizes="auto, (max-width: 300px) 100vw, 300px" /></a><br />
Im <strong>Berufs-Bildungs-Bereich </strong>haben wir das digitale Lernen eingeführt – mit Tablets, LernApps und Erklär-Videos. In diesem Video stellen wir unser &#8222;Projekt BBB 2.0&#8220; vor: <a href="https://www.youtube.com/watch?v=uUZvYWf8088" target="_blank" rel="noopener">Link auf Youtube</a></p>
<p>Die einzelnen <strong>Schritte in die Werkstatt</strong> können Sie noch einmal nachlesen. Darin steht auch, wie hoch das Arbeits-Entgelt in unserer Werkstatt ist: <a href="https://werkstatt-ac.de/wp-content/uploads/2021/11/Der-Weg-in-die-Werkstatt_V2021.pdf" target="_blank" rel="noopener">Der Weg in die Werkstatt</a></p>
<p>

<p>Bei einem Praktikum kann man die Werkstatt kennen lernen. Wie geht es dann weiter? Hier erklären wir, wie die Aufnahme in die Werkstatt in der Regel abläuft.</p>
