{"id":155,"date":"2016-01-11T18:02:07","date_gmt":"2016-01-11T17:02:07","guid":{"rendered":"https:\/\/werkstatt-ac.de\/?page_id=155"},"modified":"2022-05-02T14:41:34","modified_gmt":"2022-05-02T12:41:34","slug":"berufsbildungsbereich","status":"publish","type":"page","link":"https:\/\/werkstatt-ac.de\/?page_id=155","title":{"rendered":"Bildung"},"content":{"rendered":"<button id=\"bb1\" type=\"button\" value=\"Play\" class=\"responsivevoice-button\" title=\"ResponsiveVoice Tap to Start\/Stop Speech\"><span>&#128266; Vorlesen<\/span><\/button>\n        <script>\n            bb1.onclick = function(){\n                if(responsiveVoice.isPlaying()){\n                    responsiveVoice.cancel();\n                }else{\n                    responsiveVoice.speak(\"Neue Dinge lernen In unserer Werkstatt k\u00f6nnen Menschen mit Behinderung arbeiten. Sie k\u00f6nnen aber noch mehr machen. Wir bieten Kurse an. Zum Beispiel: Sport-Kurse, Ern\u00e4hrungs-Kurse, Kurse zum Lesen und Schreiben, Kurse um besser mit \u00c4rger und Wut umzugehen. Die Kurse hei\u00dfen: Arbeitsbegleitende Ma\u00dfnahmen. Das hei\u00dft: Es gibt die Kurse in der normalen Arbeits-Zeit. Durch die Kurse\u00a0k\u00f6nnen Menschen mit Behinderung etwas lernen und noch selbstst\u00e4ndiger werden. Quelle: lebenshilfe.de Rechte und Regeln Als Besch\u00e4ftigter hat man Rechte. Zum Beispiel, dass man Lohn bekommt. Und versichert ist. Und Urlaub nehmen kann. Es gibt in unserem Betrieb auch Regeln. Zum Beispiel, wann Pausen sind. Oder dass man p\u00fcnktlich zur Arbeit kommen muss. Wir haben die Rechte und Regeln in einem Heft aufgeschrieben. Das Heft bekommen alle, die bei uns arbeiten. Digitales Lernen Im Berufs-Bildungs-Bereich haben wir das digitale Lernen eingef\u00fchrt \u2013 mit Tablets, LernApps und Erkl\u00e4r-Videos. In diesem Video stellen wir unser \\\"Projekt BBB 2.0\\\" vor: Link auf Youtube\", \"Deutsch Female\");\n                }\n            };\n        <\/script>\n    <\/p>\n<h1>Neue Dinge lernen<\/h1>\n<p><a href=\"https:\/\/werkstatt-ac.de\/wp-content\/uploads\/2016\/01\/Bildung.jpg\"><img loading=\"lazy\" decoding=\"async\" class=\"wp-image-640 alignleft\" src=\"https:\/\/werkstatt-ac.de\/wp-content\/uploads\/2016\/01\/Bildung.jpg\" alt=\"Bildung\" width=\"220\" height=\"156\" srcset=\"https:\/\/werkstatt-ac.de\/wp-content\/uploads\/2016\/01\/Bildung.jpg 220w, https:\/\/werkstatt-ac.de\/wp-content\/uploads\/2016\/01\/Bildung-218x156.jpg 218w, https:\/\/werkstatt-ac.de\/wp-content\/uploads\/2016\/01\/Bildung-168x119.jpg 168w\" sizes=\"auto, (max-width: 220px) 100vw, 220px\" \/><\/a>In unserer Werkstatt k\u00f6nnen Menschen mit Behinderung arbeiten. Sie k\u00f6nnen aber noch mehr machen. Wir bieten Kurse an. Zum Beispiel:<\/p>\n<ul>\n<li>Sport-Kurse,<\/li>\n<li>Ern\u00e4hrungs-Kurse,<\/li>\n<li>Kurse zum Lesen und Schreiben,<\/li>\n<li>Kurse um besser mit \u00c4rger und Wut umzugehen.<\/li>\n<\/ul>\n<p>Die Kurse hei\u00dfen: <strong>Arbeitsbegleitende Ma\u00dfnahmen.<\/strong> Das hei\u00dft: Es gibt die Kurse in der normalen Arbeits-Zeit. Durch die Kurse\u00a0k\u00f6nnen Menschen mit Behinderung etwas lernen und noch selbstst\u00e4ndiger werden.<\/p>\n<p><em>Quelle: <a href=\"https:\/\/www.lebenshilfe.de\/de\/leichte-sprache\/arbeit\/Werkstatt\/Arbeitsbegleitende-Massnahmen.php?listLink=1\" target=\"_blank\" rel=\"noopener noreferrer\">lebenshilfe.de<\/a><\/em><\/p>\n<h2>Rechte und Regeln<\/h2>\n<p>Als Besch\u00e4ftigter hat man Rechte. Zum Beispiel, dass man Lohn bekommt. Und versichert ist. Und Urlaub nehmen kann. Es gibt in unserem Betrieb auch Regeln. Zum Beispiel, wann Pausen sind. Oder dass man p\u00fcnktlich zur Arbeit kommen muss. Wir haben die Rechte und Regeln in einem Heft aufgeschrieben. Das Heft bekommen alle, die bei uns arbeiten.<\/p>\n<h2><strong>Digitales Lernen<br \/>\n<\/strong><\/h2>\n<p><a href=\"https:\/\/werkstatt-ac.de\/wp-content\/uploads\/2022\/04\/Youtube-BBB-2.0.png\"><img loading=\"lazy\" decoding=\"async\" class=\"alignnone size-full wp-image-4077\" src=\"https:\/\/werkstatt-ac.de\/wp-content\/uploads\/2022\/04\/Youtube-BBB-2.0.png\" alt=\"\" width=\"300\" height=\"167\" srcset=\"https:\/\/werkstatt-ac.de\/wp-content\/uploads\/2022\/04\/Youtube-BBB-2.0.png 300w, https:\/\/werkstatt-ac.de\/wp-content\/uploads\/2022\/04\/Youtube-BBB-2.0-168x94.png 168w\" sizes=\"auto, (max-width: 300px) 100vw, 300px\" \/><\/a><br \/>\nIm <strong>Berufs-Bildungs-Bereich <\/strong>haben wir das digitale Lernen eingef\u00fchrt \u2013 mit Tablets, LernApps und Erkl\u00e4r-Videos. In diesem Video stellen wir unser &#8222;Projekt BBB 2.0&#8220; vor: <a href=\"https:\/\/www.youtube.com\/watch?v=uUZvYWf8088\" target=\"_blank\" rel=\"noopener\">Link auf Youtube<\/a><\/p>\n<p>\n","protected":false},"excerpt":{"rendered":"<p>In der Werkstatt geh\u00f6rt zur Arbeit auch die Weiterbildung. Wir machen viele Angebote f\u00fcr das Lernen und f\u00fcr die pers\u00f6nliche F\u00f6rderung.<\/p>\n","protected":false},"author":1,"featured_media":747,"parent":2,"menu_order":12,"comment_status":"closed","ping_status":"closed","template":"","meta":{"_acf_changed":false,"footnotes":""},"class_list":["post-155","page","type-page","status-publish","has-post-thumbnail","hentry"],"acf":[],"_links":{"self":[{"href":"https:\/\/werkstatt-ac.de\/index.php?rest_route=\/wp\/v2\/pages\/155","targetHints":{"allow":["GET"]}}],"collection":[{"href":"https:\/\/werkstatt-ac.de\/index.php?rest_route=\/wp\/v2\/pages"}],"about":[{"href":"https:\/\/werkstatt-ac.de\/index.php?rest_route=\/wp\/v2\/types\/page"}],"author":[{"embeddable":true,"href":"https:\/\/werkstatt-ac.de\/index.php?rest_route=\/wp\/v2\/users\/1"}],"replies":[{"embeddable":true,"href":"https:\/\/werkstatt-ac.de\/index.php?rest_route=%2Fwp%2Fv2%2Fcomments&post=155"}],"version-history":[{"count":17,"href":"https:\/\/werkstatt-ac.de\/index.php?rest_route=\/wp\/v2\/pages\/155\/revisions"}],"predecessor-version":[{"id":4092,"href":"https:\/\/werkstatt-ac.de\/index.php?rest_route=\/wp\/v2\/pages\/155\/revisions\/4092"}],"up":[{"embeddable":true,"href":"https:\/\/werkstatt-ac.de\/index.php?rest_route=\/wp\/v2\/pages\/2"}],"wp:featuredmedia":[{"embeddable":true,"href":"https:\/\/werkstatt-ac.de\/index.php?rest_route=\/wp\/v2\/media\/747"}],"wp:attachment":[{"href":"https:\/\/werkstatt-ac.de\/index.php?rest_route=%2Fwp%2Fv2%2Fmedia&parent=155"}],"curies":[{"name":"wp","href":"https:\/\/api.w.org\/{rel}","templated":true}]}}

<button id="bb1" type="button" value="Play" class="responsivevoice-button" title="ResponsiveVoice Tap to Start/Stop Speech"><span>&#128266; Vorlesen</span></button>
        <script>
            bb1.onclick = function(){
                if(responsiveVoice.isPlaying()){
                    responsiveVoice.cancel();
                }else{
                    responsiveVoice.speak("Neue Dinge lernen In unserer Werkstatt können Menschen mit Behinderung arbeiten. Sie können aber noch mehr machen. Wir bieten Kurse an. Zum Beispiel: Sport-Kurse, Ernährungs-Kurse, Kurse zum Lesen und Schreiben, Kurse um besser mit Ärger und Wut umzugehen. Die Kurse heißen: Arbeitsbegleitende Maßnahmen. Das heißt: Es gibt die Kurse in der normalen Arbeits-Zeit. Durch die Kurse können Menschen mit Behinderung etwas lernen und noch selbstständiger werden. Quelle: lebenshilfe.de Rechte und Regeln Als Beschäftigter hat man Rechte. Zum Beispiel, dass man Lohn bekommt. Und versichert ist. Und Urlaub nehmen kann. Es gibt in unserem Betrieb auch Regeln. Zum Beispiel, wann Pausen sind. Oder dass man pünktlich zur Arbeit kommen muss. Wir haben die Rechte und Regeln in einem Heft aufgeschrieben. Das Heft bekommen alle, die bei uns arbeiten. Digitales Lernen Im Berufs-Bildungs-Bereich haben wir das digitale Lernen eingeführt – mit Tablets, LernApps und Erklär-Videos. In diesem Video stellen wir unser \"Projekt BBB 2.0\" vor: Link auf Youtube", "Deutsch Female");
                }
            };
        </script>
    </p>
<h1>Neue Dinge lernen</h1>
<p><a href="https://werkstatt-ac.de/wp-content/uploads/2016/01/Bildung.jpg"><img loading="lazy" decoding="async" class="wp-image-640 alignleft" src="https://werkstatt-ac.de/wp-content/uploads/2016/01/Bildung.jpg" alt="Bildung" width="220" height="156" srcset="https://werkstatt-ac.de/wp-content/uploads/2016/01/Bildung.jpg 220w, https://werkstatt-ac.de/wp-content/uploads/2016/01/Bildung-218x156.jpg 218w, https://werkstatt-ac.de/wp-content/uploads/2016/01/Bildung-168x119.jpg 168w" sizes="auto, (max-width: 220px) 100vw, 220px" /></a>In unserer Werkstatt können Menschen mit Behinderung arbeiten. Sie können aber noch mehr machen. Wir bieten Kurse an. Zum Beispiel:</p>
<ul>
<li>Sport-Kurse,</li>
<li>Ernährungs-Kurse,</li>
<li>Kurse zum Lesen und Schreiben,</li>
<li>Kurse um besser mit Ärger und Wut umzugehen.</li>
</ul>
<p>Die Kurse heißen: <strong>Arbeitsbegleitende Maßnahmen.</strong> Das heißt: Es gibt die Kurse in der normalen Arbeits-Zeit. Durch die Kurse können Menschen mit Behinderung etwas lernen und noch selbstständiger werden.</p>
<p><em>Quelle: <a href="https://www.lebenshilfe.de/de/leichte-sprache/arbeit/Werkstatt/Arbeitsbegleitende-Massnahmen.php?listLink=1" target="_blank" rel="noopener noreferrer">lebenshilfe.de</a></em></p>
<h2>Rechte und Regeln</h2>
<p>Als Beschäftigter hat man Rechte. Zum Beispiel, dass man Lohn bekommt. Und versichert ist. Und Urlaub nehmen kann. Es gibt in unserem Betrieb auch Regeln. Zum Beispiel, wann Pausen sind. Oder dass man pünktlich zur Arbeit kommen muss. Wir haben die Rechte und Regeln in einem Heft aufgeschrieben. Das Heft bekommen alle, die bei uns arbeiten.</p>
<h2><strong>Digitales Lernen<br />
</strong></h2>
<p><a href="https://werkstatt-ac.de/wp-content/uploads/2022/04/Youtube-BBB-2.0.png"><img loading="lazy" decoding="async" class="alignnone size-full wp-image-4077" src="https://werkstatt-ac.de/wp-content/uploads/2022/04/Youtube-BBB-2.0.png" alt="" width="300" height="167" srcset="https://werkstatt-ac.de/wp-content/uploads/2022/04/Youtube-BBB-2.0.png 300w, https://werkstatt-ac.de/wp-content/uploads/2022/04/Youtube-BBB-2.0-168x94.png 168w" sizes="auto, (max-width: 300px) 100vw, 300px" /></a><br />
Im <strong>Berufs-Bildungs-Bereich </strong>haben wir das digitale Lernen eingeführt – mit Tablets, LernApps und Erklär-Videos. In diesem Video stellen wir unser &#8222;Projekt BBB 2.0&#8220; vor: <a href="https://www.youtube.com/watch?v=uUZvYWf8088" target="_blank" rel="noopener">Link auf Youtube</a></p>
<p>

<p>In der Werkstatt gehört zur Arbeit auch die Weiterbildung. Wir machen viele Angebote für das Lernen und für die persönliche Förderung.</p>
