{"id":159,"date":"2016-01-11T18:02:34","date_gmt":"2016-01-11T17:02:34","guid":{"rendered":"https:\/\/werkstatt-ac.de\/?page_id=159"},"modified":"2018-08-13T14:24:22","modified_gmt":"2018-08-13T12:24:22","slug":"kompetenzzentrum","status":"publish","type":"page","link":"https:\/\/werkstatt-ac.de\/?page_id=159","title":{"rendered":"Pflegedienst"},"content":{"rendered":"<button id=\"bb1\" type=\"button\" value=\"Play\" class=\"responsivevoice-button\" title=\"ResponsiveVoice Tap to Start\/Stop Speech\"><span>&#128266; Vorlesen<\/span><\/button>\n        <script>\n            bb1.onclick = function(){\n                if(responsiveVoice.isPlaying()){\n                    responsiveVoice.cancel();\n                }else{\n                    responsiveVoice.speak(\"Damit es allen gut geht In unserer Werkstatt gibt es einen Pflege-Dienst. Die Mitarbeiterinnen und Mitarbeiter des Pflege-Dienstes helfen den Besch\u00e4ftigten bei vielen Aufgaben und Bed\u00fcrfnissen. Zum Beispiel beim An- und Auskleiden, beim Umsetzen im Rollstuhl, beim Gang zur Toilette und beim Essen. Sie achten auch darauf, dass man seine Medikamente nimmt. Sollte ein Unfall passieren oder ein epileptischer Anfall erfolgen, ist der Pflege-Dienst da. Wir k\u00f6nnen das Alle Pflegekr\u00e4fte haben eine richtige Ausbildung gemacht. Au\u00dferdem machen sie regelm\u00e4\u00dfig Fortbildungen. Weitere Aufgaben Der Pflege-Dienst schreibt auf, wer wann welche Medikamente bekommen hat. Er bestellt die Pflege-Mittel und reinigt die M\u00f6bel in den Pflege-R\u00e4umen.\", \"Deutsch Female\");\n                }\n            };\n        <\/script>\n    <\/p>\n<h1>Damit es allen gut geht<\/h1>\n<p>In unserer Werkstatt gibt es einen Pflege-Dienst. Die Mitarbeiterinnen und Mitarbeiter des Pflege-Dienstes helfen den Besch\u00e4ftigten bei vielen Aufgaben und Bed\u00fcrfnissen. Zum Beispiel beim An- und Auskleiden, beim Umsetzen im Rollstuhl, beim Gang zur Toilette und beim Essen. Sie achten auch darauf, dass man seine Medikamente nimmt. Sollte ein Unfall passieren oder ein epileptischer Anfall erfolgen, ist der Pflege-Dienst da.<\/p>\n<h2>Wir k\u00f6nnen das<\/h2>\n<p>Alle Pflegekr\u00e4fte haben eine richtige Ausbildung gemacht. Au\u00dferdem machen sie regelm\u00e4\u00dfig Fortbildungen.<\/p>\n<h2>Weitere Aufgaben<\/h2>\n<p>Der Pflege-Dienst schreibt auf, wer wann welche Medikamente bekommen hat. Er bestellt die Pflege-Mittel und reinigt die M\u00f6bel in den Pflege-R\u00e4umen.<br \/>\n\n","protected":false},"excerpt":{"rendered":"<p>In unserem Haus gibt es auch Fachkr\u00e4fte f\u00fcr Pflege. Sie geben Hilfestellungen vor allem f\u00fcr Menschen mit hohem Unterst\u00fctzungsbedarf. Und sie helfen bei der Pflege, beim Essen und bei der Vergabe von Medikamenten.<\/p>\n","protected":false},"author":1,"featured_media":739,"parent":2,"menu_order":13,"comment_status":"closed","ping_status":"closed","template":"","meta":{"_acf_changed":false,"footnotes":""},"class_list":["post-159","page","type-page","status-publish","has-post-thumbnail","hentry"],"acf":[],"_links":{"self":[{"href":"https:\/\/werkstatt-ac.de\/index.php?rest_route=\/wp\/v2\/pages\/159","targetHints":{"allow":["GET"]}}],"collection":[{"href":"https:\/\/werkstatt-ac.de\/index.php?rest_route=\/wp\/v2\/pages"}],"about":[{"href":"https:\/\/werkstatt-ac.de\/index.php?rest_route=\/wp\/v2\/types\/page"}],"author":[{"embeddable":true,"href":"https:\/\/werkstatt-ac.de\/index.php?rest_route=\/wp\/v2\/users\/1"}],"replies":[{"embeddable":true,"href":"https:\/\/werkstatt-ac.de\/index.php?rest_route=%2Fwp%2Fv2%2Fcomments&post=159"}],"version-history":[{"count":17,"href":"https:\/\/werkstatt-ac.de\/index.php?rest_route=\/wp\/v2\/pages\/159\/revisions"}],"predecessor-version":[{"id":2024,"href":"https:\/\/werkstatt-ac.de\/index.php?rest_route=\/wp\/v2\/pages\/159\/revisions\/2024"}],"up":[{"embeddable":true,"href":"https:\/\/werkstatt-ac.de\/index.php?rest_route=\/wp\/v2\/pages\/2"}],"wp:featuredmedia":[{"embeddable":true,"href":"https:\/\/werkstatt-ac.de\/index.php?rest_route=\/wp\/v2\/media\/739"}],"wp:attachment":[{"href":"https:\/\/werkstatt-ac.de\/index.php?rest_route=%2Fwp%2Fv2%2Fmedia&parent=159"}],"curies":[{"name":"wp","href":"https:\/\/api.w.org\/{rel}","templated":true}]}}

<button id="bb1" type="button" value="Play" class="responsivevoice-button" title="ResponsiveVoice Tap to Start/Stop Speech"><span>&#128266; Vorlesen</span></button>
        <script>
            bb1.onclick = function(){
                if(responsiveVoice.isPlaying()){
                    responsiveVoice.cancel();
                }else{
                    responsiveVoice.speak("Damit es allen gut geht In unserer Werkstatt gibt es einen Pflege-Dienst. Die Mitarbeiterinnen und Mitarbeiter des Pflege-Dienstes helfen den Beschäftigten bei vielen Aufgaben und Bedürfnissen. Zum Beispiel beim An- und Auskleiden, beim Umsetzen im Rollstuhl, beim Gang zur Toilette und beim Essen. Sie achten auch darauf, dass man seine Medikamente nimmt. Sollte ein Unfall passieren oder ein epileptischer Anfall erfolgen, ist der Pflege-Dienst da. Wir können das Alle Pflegekräfte haben eine richtige Ausbildung gemacht. Außerdem machen sie regelmäßig Fortbildungen. Weitere Aufgaben Der Pflege-Dienst schreibt auf, wer wann welche Medikamente bekommen hat. Er bestellt die Pflege-Mittel und reinigt die Möbel in den Pflege-Räumen.", "Deutsch Female");
                }
            };
        </script>
    </p>
<h1>Damit es allen gut geht</h1>
<p>In unserer Werkstatt gibt es einen Pflege-Dienst. Die Mitarbeiterinnen und Mitarbeiter des Pflege-Dienstes helfen den Beschäftigten bei vielen Aufgaben und Bedürfnissen. Zum Beispiel beim An- und Auskleiden, beim Umsetzen im Rollstuhl, beim Gang zur Toilette und beim Essen. Sie achten auch darauf, dass man seine Medikamente nimmt. Sollte ein Unfall passieren oder ein epileptischer Anfall erfolgen, ist der Pflege-Dienst da.</p>
<h2>Wir können das</h2>
<p>Alle Pflegekräfte haben eine richtige Ausbildung gemacht. Außerdem machen sie regelmäßig Fortbildungen.</p>
<h2>Weitere Aufgaben</h2>
<p>Der Pflege-Dienst schreibt auf, wer wann welche Medikamente bekommen hat. Er bestellt die Pflege-Mittel und reinigt die Möbel in den Pflege-Räumen.<br />

<p>In unserem Haus gibt es auch Fachkräfte für Pflege. Sie geben Hilfestellungen vor allem für Menschen mit hohem Unterstützungsbedarf. Und sie helfen bei der Pflege, beim Essen und bei der Vergabe von Medikamenten.</p>
