{"id":183,"date":"2016-01-11T18:06:24","date_gmt":"2016-01-11T17:06:24","guid":{"rendered":"https:\/\/werkstatt-ac.de\/?page_id=183"},"modified":"2024-03-25T10:26:35","modified_gmt":"2024-03-25T09:26:35","slug":"standorte","status":"publish","type":"page","link":"https:\/\/werkstatt-ac.de\/?page_id=183","title":{"rendered":"Standorte"},"content":{"rendered":"<button id=\"bb1\" type=\"button\" value=\"Play\" class=\"responsivevoice-button\" title=\"ResponsiveVoice Tap to Start\/Stop Speech\"><span>&#128266; Vorlesen<\/span><\/button>\n        <script>\n            bb1.onclick = function(){\n                if(responsiveVoice.isPlaying()){\n                    responsiveVoice.cancel();\n                }else{\n                    responsiveVoice.speak(\"Zwei Mal in Aachen: Standort Neuenhofstra\u00dfe Neuenhofstra\u00dfe 170 52078 Aachen Telefon: 0241 9 28 11-0 Telefax: 0241 9 28 11-156 Gesch\u00e4fts- und Produktionsbereiche: Gesch\u00e4ftsleitung Konfektionierung Verpackung Holzwerkstatt Montage K\u00fcche & Catering Unterst\u00fctzte Arbeit Standort Hergelsm\u00fchlenweg Hergelsm\u00fchlenweg 5 52080 Aachen Telefon: 0241 9677-0 Telefax: 0241 166828 Gesch\u00e4fts- und Produktionsbereiche: Montage Konfektionierung Garten- und Landschaftsbau Kulturwerkstatt Unterst\u00fctzte Arbeit\", \"Deutsch Female\");\n                }\n            };\n        <\/script>\n    <\/p>\n<h1>Zwei Mal in Aachen:<\/h1>\n<div class=\"standort\">\n<div class=\"standort__left\">\n<h2>Standort Neuenhofstra\u00dfe<\/h2>\n<p><strong>Neuenhofstra\u00dfe 170<\/strong><br \/>\n<strong> 52078 Aachen<\/strong><br \/>\n<strong> Telefon: 0241 9 28 11-0<\/strong><br \/>\n<strong> Telefax: 0241 9 28 11-156<\/strong><\/p>\n<p>Gesch\u00e4fts- und Produktionsbereiche:<\/p>\n<ul>\n<li>Gesch\u00e4ftsleitung<\/li>\n<li>Konfektionierung<\/li>\n<li>Verpackung<\/li>\n<li>Holzwerkstatt<\/li>\n<li>Montage<\/li>\n<li>K\u00fcche &amp; Catering<\/li>\n<li>Unterst\u00fctzte Arbeit<\/li>\n<\/ul>\n<\/div>\n<div class=\"standort__right\">\n<div id=\"map-neuenhofstrasse\" class=\"gMap-container\"><!-- Wird per JavaScript bef\u00fcllt --><\/div>\n<\/div>\n<\/div>\n<div class=\"standort\">\n<div class=\"standort__left\">\n<h2>Standort Hergelsm\u00fchlenweg<\/h2>\n<p><strong>Hergelsm\u00fchlenweg 5<\/strong><br \/>\n<strong> 52080 Aachen<\/strong><br \/>\n<strong> Telefon: 0241 9677-0<\/strong><br \/>\n<strong> Telefax: 0241 166828<\/strong><\/p>\n<p>Gesch\u00e4fts- und Produktionsbereiche:<\/p>\n<ul>\n<li>Montage<\/li>\n<li>Konfektionierung<\/li>\n<li>Garten- und Landschaftsbau<\/li>\n<li>Kulturwerkstatt<\/li>\n<li>Unterst\u00fctzte Arbeit<\/li>\n<\/ul>\n<\/div>\n<div class=\"standort__right\">\n<div id=\"map-hergelsmuehlenweg\" class=\"gMap-container\"><!-- Wird per JavaScript bef\u00fcllt --><\/div>\n<\/div>\n<\/div>\n<p>\n","protected":false},"excerpt":{"rendered":"<p>In Aachen zuhause: Wir haben zwei Betriebsst\u00e4tten in den Stadtteilen Haaren und Eilendorf.<\/p>\n","protected":false},"author":1,"featured_media":1002,"parent":1285,"menu_order":45,"comment_status":"closed","ping_status":"closed","template":"","meta":{"_acf_changed":false,"footnotes":""},"class_list":["post-183","page","type-page","status-publish","has-post-thumbnail","hentry"],"acf":[],"_links":{"self":[{"href":"https:\/\/werkstatt-ac.de\/index.php?rest_route=\/wp\/v2\/pages\/183","targetHints":{"allow":["GET"]}}],"collection":[{"href":"https:\/\/werkstatt-ac.de\/index.php?rest_route=\/wp\/v2\/pages"}],"about":[{"href":"https:\/\/werkstatt-ac.de\/index.php?rest_route=\/wp\/v2\/types\/page"}],"author":[{"embeddable":true,"href":"https:\/\/werkstatt-ac.de\/index.php?rest_route=\/wp\/v2\/users\/1"}],"replies":[{"embeddable":true,"href":"https:\/\/werkstatt-ac.de\/index.php?rest_route=%2Fwp%2Fv2%2Fcomments&post=183"}],"version-history":[{"count":27,"href":"https:\/\/werkstatt-ac.de\/index.php?rest_route=\/wp\/v2\/pages\/183\/revisions"}],"predecessor-version":[{"id":4556,"href":"https:\/\/werkstatt-ac.de\/index.php?rest_route=\/wp\/v2\/pages\/183\/revisions\/4556"}],"up":[{"embeddable":true,"href":"https:\/\/werkstatt-ac.de\/index.php?rest_route=\/wp\/v2\/pages\/1285"}],"wp:featuredmedia":[{"embeddable":true,"href":"https:\/\/werkstatt-ac.de\/index.php?rest_route=\/wp\/v2\/media\/1002"}],"wp:attachment":[{"href":"https:\/\/werkstatt-ac.de\/index.php?rest_route=%2Fwp%2Fv2%2Fmedia&parent=183"}],"curies":[{"name":"wp","href":"https:\/\/api.w.org\/{rel}","templated":true}]}}